 ((4 - 5) + -4)?
0
Calculate (6 - 7) + -14 - -7.
-8
1 + -6 + -3 + 11
3
1 + -2 + (-58 - -57)
-2
(-26 - -29) + (0 + -4 - -1)
0
What is the value of (-4 - -4) + (4 - 6) + 5?
3
Evaluate 9 + -4 + (5 - 3 - 1).
6
Calculate 7 - 2 - ((-9 - -1) + 9).
4
Evaluate -3 - (7 - (6 - -1)).
-3
(0 - (-5 + 8)) + -2
-5
Evaluate 7 + (-6 - 1) + 5.
5
Calculate (-22 - -21) + (2 - (2 + 1)).
-2
Evaluate -5 + 2 - (0 - 1).
-2
What is (1 - 3 - 2) + 1?
-3
Calculate -1 + 3 + (-4 - -6) + 1.
5
Evaluate 1 + -14 + 18 + -1.
4
What is 1 + 0 + (11 - 11) - 0?
1
Calculate 1 - (-1 + (3 - -2) + -2).
-1
What is 0 - 0 - (-15 + 21 + -11)?
5
-14 - (-12 - -7) - -7
-2
What is the value of 7 + 1 + 0 + (17 - 21)?
4
What is 4 + (3 - 13) + -1 + 6?
-1
Evaluate (5 - (-4 + 3)) + (6 - 16).
-4
Calculate (-14 - -21) + 1 + -10 + -3.
-5
What is the value of (-1 + 10 - 7) + 3?
5
What is the value of -5 + 2 + -78 + 87?
6
Evaluate (1 - 8) + (262 - 258).
-3
What is -3 + -3 + 6 - (2 - 2)?
0
What is 4 - (0 - (1 + -3) - 3)?
5
What is the value of 1 - 2 - (9 + -10)?
0
What is 1 - (4 - (6 - (-2 + 3)))?
2
What is 1 + -2 - (-11 - -6)?
4
Calculate 6 + -3 + (0 - 3) + -2.
-2
-5 - -3 - (-3 + -1 - -6)
-4
Calculate -17 - -5 - (-10 - 5).
3
What is -5 + 6 + 6 + -1?
6
What is -2 + (-5 - (6 + -5) - -1)?
-7
1 + 0 + -4 + 6 + -6
-3
What is the value of 5 + (3 - -2 - 4)?
6
40 + -31 - (1 + -2 + 6)
4
2 + (4 + -3 - 4) - 0
-1
Evaluate 2 - 2 - 5 - (-4 - 0).
-1
What is 0 - -10 - (39 + -32)?
3
What is -3 + -1 - -3 - -3?
2
Calculate (-1 - (-3 + 3)) + 2 - -3.
4
79 + -62 - (13 + 0)
4
What is the value of 2 + -3 + 1 - -1?
1
Calculate -9 + -2 + (-7 - -11).
-7
What is the value of -5 + (1 - -1) - 1?
-4
What is the value of -4 + 6 + 0 + 0 + -7?
-5
What is -5 + -6 + 4 + (0 - -2)?
-5
What is the value of 1 - -3 - (1 + (1 - -3))?
-1
What is (4 - 9) + (4 - -1 - 7)?
-7
What is -4 - (-17 + 17 - (0 - -1))?
-3
Calculate 1 + (-3 + 4 + 2 - 4).
0
Evaluate 2 + -11 - (-8 - -1).
-2
Evaluate -6 + 1 - -18 - 8.
5
10 - 0 - 20 - -16
6
4 + (2 - -1) + -7
0
What is the value of 0 + 3 + -6 + 2 + -2?
-3
4 + -3 - (2 - -3)
-4
Evaluate 7 + -6 + (9 - -2) + -6.
6
-11 - (-17 + 9 - 2)
-1
What is the value of -1 + -19 + 9 + 8?
-3
Calculate 1 + 1 + 0 + -1 + 0.
1
Calculate 10 + -2 + -1 + -4.
3
(-5 - 0) + (-2 - (-1 - 6))
0
5 - (-1 + 3 + 1)
2
What is the value of 7 + -4 - (-1 - -3)?
1
What is 6 + (4 - 11) + (2 - -7)?
8
What is the value of -4 + 9 - (-1 - -2)?
4
Evaluate -1 - 2 - (-3 + 7 - 9).
2
Calculate 0 + (1 - -1 - 1).
1
Calculate -14 - (-13 - -4 - -1).
-6
Calculate (19 - (-2 + 12)) + -2.
7
Calculate 2 + -13 + 7 - (0 - 2).
-2
Evaluate (13 + -7 - 3) + -9.
-6
Calculate 2 + 0 + 3 + -8.
-3
Calculate -1 + 4 + 12 + -10.
5
(7 - (-10 - -9)) + -7
1
What is the value of (32 - 32) + 1 + -1 - -3?
3
0 + 5 + (-1 - 0) + -3
1
What is the value of (-5 - (-9 + -1)) + -3?
2
34 + -22 + -7 + (-2 - -3)
6
Calculate 0 - ((1 - -3) + -1).
-3
Calculate (2 - (3 - (-2 + 4))) + 3.
4
What is the value of 6 - (1 - (3 + -3))?
5
Evaluate (-1 - (0 + 2)) + -1 + -1.
-5
Evaluate (3 - -1) + -18 + 10 + 3.
-1
Calculate (3 + -3 - 1) + 6.
5
1 + 1 - (-1 - 0) - 4
-1
What is the value of (-5 - 0) + 2 - (13 + -21)?
5
What is -4 + 5 + -6 + 5?
0
Calculate (13 - 11 - 5) + -7 + 1.
-9
(-16 - -15) + 0 + 6
5
(22 + -11 - -2) + -15
-2
(1 + -5 - 3) + 2
-5
Calculate 0 + (-5 - (-3 - 1)).
-1
Evaluate 0 + -6 + (-19 - -19) - 2.
-8
Calculate 2 + -8 + 1 + -2 + 6.
-1
1 + 1 - (-39 - -36)
5
What is 4 - ((3 - -1) + (-5 - -10))?
-5
What is 5 - (-10 - -10) - (0 - -4)?
1
Evaluate -4 - -1 - 2 - -2.
-3
Calculate (-6 - (-5 + -2)) + (1 - -2).
4
Evaluate -9 + 7 + 4 + -9.
-7
Evaluate -5 + 4 + (-3 - 3) - -6.
-1
Calculate -2 + (1 + 2 + 0 - -3).
4
2 + 4 + -4 + 5 + -2
5
What is the value of (-5 - -2) + (-2 - -3)?
-2
Evaluate 5 + 0 - (0 + 3).
2
Calculate (-1 - -3) + (0 - (2 + 1)).
-1
What is the value of -2 + (8 - (-4 + 7))?
3
3 - (-3 - (-14 + 1))
-7
Calculate -1 + -2 + 10 + -4.
3
Calculate 6 + 0 - (1 - (0 - 2)).
3
What is 10 + -3 + -3 + -7?
-3
What is the value of -2 + 0 + (-5 - (-7 + 2))?
-2
-1 + 1 + -1 + 5 + -6
-2
What is the value of -3 - (-5 - 0) - (-33 - -31)?
4
What is the value of 0 + -10 + 1 + (88 - 89)?
-10
-2 + 8 + -19 + 17
4
What is the value of -7 + -7 + 16 + (-3 - 0)?
-1
What is the value of 11 - 0 - 3 - 4?
4
Calculate 5 + -2 + -1 - (6 - 0).
-4
4 + -6 - -7 - 8
-3
Evaluate 1 + (4 - 1 - 3 - -2).
3
Calculate -9 - -1 - (-72 + 71).
-7
What is the value of 1 + (-3 - 1 - -2)?
-1
What is the value of -5 - (8 + -3 - 9)?
-1
What is the value of (0 + 5 - 9) + -1?
-5
(2 - 1) + 2 + (-6 - 1)
-4
Calculate 0 + 1 + -1 + (-6 - -3).
-3
Calculate (4 - 0) + -8 - -6.
2
What is 6 - 15 - -1 - (-10 + 5)?
-3
What is 2 - (7 + 1) - -7?
1
What is 2 + 1 + 2 + (3 - 3)?
5
-30 - -28 - (-1 - (1 - -1))
1
Evaluate 0 + (3 - (4 + 0)) + 5.
4
-4 - ((-5 - 0) + (-6 - -6))
1
Evaluate (0 + 7 + -7 - 0) + 0.
0
What is -22 - -18 - (-1 + (-3 - 1))?
1
What is the value of 11 - 6 - (2 + -1 + 3)?
1
Evaluate -2 + -4 + 5 + -6.
-7
Calculate (-11 - 1) + -40 + 50.
-2
What is the value of 0 - (4 - 2) - (0 - -1)?
-3
1 - 2 - (-5 + 7)
-3
What is 7 + -5 + -2 + (36 - 31)?
5
Calculate (42 - 44) + -1 + 0.
-3
What is -1 - (-2 - -2) - -3?
2
What is (66 - 70) + (3 - 1) - -5?
3
What is 5 - (-1 - (13 - 13))?
6
(4 - 2) + 86 + -81
7
Evaluate -46 - -10 - -14 - -13.
-9
What is the value of 2 + -5 - (-1 + 0 + 1)?
-3
Evaluate (3 - 3 - 1) + (14 - 17).
-4
Evaluate (-3 - 1 - -4) + -1 + 3.
2
Calculate -2 - (6 + 2) - (31 + -35).
-6
Calculate (-12 - -3) + 1 + 7 + -1.
-2
What is -3 + 2 - (-4 + (6 - 5))?
2
What is the value of -4 + 10 + -3 + 3?
6
Calculate -2 + -1 + 6 - 1.
2
Evaluate 5 + 13 + -7 + -1 + -2.
8
Calculate 0 + 3 + (70 - 72).
1
What is the value of (-3 - 2) + (5 - (6 - 0))?
-6
What is the value of 19 + 0 + -12 - 13?
-6
Evaluate 1 + 0 + 42 + -44.
-1
Calculate -7 + 7 - ((3 - 0) + -3).
0
Calculate -3 - (-2 - ((2 - -1) + -3)).
-1
Calculate 8 - 13 - (2 + 0).
-7
What is the value of 1 + 0 - ((-2 - 0) + -2)?
5
-2 + (-1 - -4 - 6)
-5
Calculate 2 + (-11 - -4) + 7.
2
What is 1 + -5 + 8 + (0 - 11)?
-7
Evaluate -2 + (1 + 0 - -6).
5
(12 - 15) + 6 + -4
-1
Evaluate 6 - ((9 - 6) + -1).
4
Evaluate ((0 - -2) + 2 - 4) + 3.
3
Evaluate -11 + (-5 - -8) - (-17 + -1).
10
12 + (-1 - (3 - 7)) + -10
5
What is (6 - 4 - 3) + -4?
-5
What is the value of 5 - 10 - (-12 + 2)?
5
Calculate (11 - 3) + -4 + 0.
4
Evaluate -2 + -1 - (0 - 4).
1
Calculate 1 + -1 + (-1 - (2 + 1)).
-4
What is 1 + 5 - (-8 - -10)?
4
-9 + 9 + -1 + 12
11
What is the value of (-5 + 3 - -3) + -4?
-3
What is the value of (2 - -4) + (-5 - -1)?
2
Evaluate -4 - (-2 + (0 - 4)).
2
-2 + -8 + 0 + 5 + 3
-2
What is -3 + (7 - -4) + -5?
3
Calculate -1 + -5 + (4 + -1 - 0).
-3
(-2 - (-5 + -1)) + 0
4
What is the value of -5 - 2 - (1 - 2)?
-6
What is the value of -2 - ((7 - 5) + -2)?
-2
Evaluate 0 + -11 + (8 - 4) + 4.
-3
6 + -3 + 1 + 3 + -4
3
What is the value of -2 - (-3 + 5 + -1 + -3)?
0
What is 6 - (3 - 11 - -7)?
7
What is -8 + 3 + 2 - -2 - 1?
-2
Calculate -10 + 6 - (0 + -4 + 2).
-2
Evaluate (-5 - 2) + (-3 - -5).
-5
Evaluate 3 - (-10 + 4 - -4).
5
Evaluate -5 - 0 - (1 + -15 + 8).
1
What is the value of 2 - (2 + (3 - 1) - 2)?
0
What is 5 + -1 - (2 + 6)?
-4
What is -26 - -11 - -9 - -10?
4
(59 - 58) + (6 - (-2 - -3))
6
(-1 - (4 + -7)) + -1 + -1
0
-4 + 4 + -8 + -2 - -4
-6
What is 4 + 4 + 4 + -14 - 5?
-7
Calculate 0 + -1 + 4 + -7.
-4
Evaluate -1 + (6 - 0) + -5.
0
What is the value of -2 + -2 + 3 + (5 - 2)?
2
Calculate (3 - (-2 + 3)) + -7.
-5
-3 - (-15 - -1) - (-3 + 11)
3
What is 0 + -12 - (-103 + 99)?
-8
Evaluate 9 + 1 - 5 - -2.
7
38 + -52 + 2 + 16
4
Calculate (1 - 1 - 3) + 0.
-3
What is -11 + 19 + -10 + (0 - 2)?
-4
-2 + (-1 - -4 - 2)
-1
What is 5 + -2 + (-2 - -1)?
2
Calculate 2 + (-3 - (-1 - 1)) + -1.
0
What is the value of -6 + 3 + -10 + 4 + 3?
-6
(2 - (1 + 6) - -5) + 1
1
What is 0 + (-5 - -4 - 4)?
-5
What is (13 - 33 - -14) + 0 + -3?
-9
(-17 - -19) + (-5 - -1) + 3
1
4 + -2 + 2 + 1
5
What is the value of 3 + 6 + -19 + 6?
-4
What is the value of (-34 - -54) + -11 + 0?
9
What is -11 - -17 - (6 + -1) - -1?
2
-4 + (1 + 0 - (0 + 0))
-3
(-169 - -169) + -1 + 0 + -7
-8
What is the value of -3 + -5 + (-12 - -19)?
-1
(4 - 0) + (1 - 6) + -1
-2
Calculate (-3 - -7) + 0 + -1.
3
Evaluate -11 + -4 + 26 - 9.
2
What is the value of (-1 - (-2 + 5 + -2)) + 7?
5
What is 1 + -3 + (7 - 1)?
4
Evaluate -2 - 1 - (0